{"id":8343,"date":"2021-10-14T10:52:19","date_gmt":"2021-10-14T10:52:19","guid":{"rendered":"http:\/\/mdtanitim.com.tr\/?page_id=8343"},"modified":"2021-10-18T01:44:16","modified_gmt":"2021-10-18T01:44:16","slug":"ib","status":"publish","type":"page","link":"https:\/\/mdtanitim.com.tr\/index.php\/ib\/","title":{"rendered":"\u0130\u015f Ba\u015fvurusu"},"content":{"rendered":"<p>[vc_row full_width=&#8221;stretch_row&#8221; css=&#8221;.vc_custom_1499415365412{margin-bottom: 0px !important;padding-top: 80px !important;}&#8221;][vc_column width=&#8221;1\/2&#8243; css=&#8221;.vc_custom_1492085383392{margin-bottom: 0px !important;padding-top: 0px !important;}&#8221;][vc_row_inner css=&#8221;.vc_custom_1494585018645{margin-bottom: 50px !important;}&#8221;][vc_column_inner css=&#8221;.vc_custom_1492085338957{margin-bottom: 0px !important;padding-top: 0px !important;}&#8221;][vc_custom_heading text=&#8221;Ba\u015fvuru Formu&#8221; font_container=&#8221;tag:h2|font_size:50px|text_align:left|color:%23252525|line_height:50px&#8221; google_fonts=&#8221;font_family:Ubuntu%3A300%2C300italic%2Cregular%2Citalic%2C500%2C500italic%2C700%2C700italic|font_style:700%20bold%20regular%3A700%3Anormal&#8221; css_animation=&#8221;fadeInLeft&#8221; css=&#8221;.vc_custom_1634521453213{margin-top: 10px !important;margin-bottom: 0px !important;}&#8221;][\/vc_column_inner][\/vc_row_inner][\/vc_column][\/vc_row][vc_row full_width=&#8221;stretch_row&#8221; css=&#8221;.vc_custom_1499415356477{margin-top: 0px !important;margin-bottom: 0px !important;padding-top: 0px !important;padding-bottom: 80px !important;}&#8221;][vc_column css_animation=&#8221;fadeInLeft&#8221; width=&#8221;1\/2&#8243; el_class=&#8221;text-left&#8221; css=&#8221;.vc_custom_1491996848395{margin-top: 0px !important;padding-top: 0px !important;}&#8221;]\n<div class=\"wpcf7 no-js\" id=\"wpcf7-f8341-o1\" lang=\"tr-TR\" dir=\"ltr\">\n<div class=\"screen-reader-response\"><p role=\"status\" aria-live=\"polite\" aria-atomic=\"true\"><\/p> <ul><\/ul><\/div>\n<form action=\"\/index.php\/wp-json\/wp\/v2\/pages\/8343#wpcf7-f8341-o1\" method=\"post\" class=\"wpcf7-form init\" aria-label=\"Contact form\" enctype=\"multipart\/form-data\" novalidate=\"novalidate\" data-status=\"init\">\n<div style=\"display: none;\">\n<input type=\"hidden\" name=\"_wpcf7\" value=\"8341\" \/>\n<input type=\"hidden\" name=\"_wpcf7_version\" value=\"5.7.5.1\" \/>\n<input type=\"hidden\" name=\"_wpcf7_locale\" value=\"tr_TR\" \/>\n<input type=\"hidden\" name=\"_wpcf7_unit_tag\" value=\"wpcf7-f8341-o1\" \/>\n<input type=\"hidden\" name=\"_wpcf7_container_post\" value=\"0\" \/>\n<input type=\"hidden\" name=\"_wpcf7_posted_data_hash\" value=\"\" \/>\n<input type=\"hidden\" name=\"_wpcf7_recaptcha_response\" value=\"\" \/>\n<\/div>\n<p><label> Ad-Soyad:<br \/>\n<span class=\"wpcf7-form-control-wrap\" data-name=\"your-name\"><input size=\"40\" class=\"wpcf7-form-control wpcf7-text wpcf7-validates-as-required\" aria-required=\"true\" aria-invalid=\"false\" value=\"\" type=\"text\" name=\"your-name\" \/><\/span> <\/label>\n<\/p>\n<p><label> TC Kimlik No:<br \/>\n<span class=\"wpcf7-form-control-wrap\" data-name=\"text-135\"><input size=\"40\" class=\"wpcf7-form-control wpcf7-text\" aria-invalid=\"false\" value=\"\" type=\"text\" name=\"text-135\" \/><\/span> <\/label>\n<\/p>\n<p><label> E-mail Adresiniz:<br \/>\n<span class=\"wpcf7-form-control-wrap\" data-name=\"your-email\"><input size=\"40\" class=\"wpcf7-form-control wpcf7-text wpcf7-email wpcf7-validates-as-required wpcf7-validates-as-email\" aria-required=\"true\" aria-invalid=\"false\" value=\"\" type=\"email\" name=\"your-email\" \/><\/span> <\/label>\n<\/p>\n<p><label> Telefon Numaras\u0131:<br \/>\n<span class=\"wpcf7-form-control-wrap\" data-name=\"tel-558\"><input size=\"40\" class=\"wpcf7-form-control wpcf7-text wpcf7-tel wpcf7-validates-as-required wpcf7-validates-as-tel\" aria-required=\"true\" aria-invalid=\"false\" value=\"+90\" type=\"tel\" name=\"tel-558\" \/><\/span> <\/label>\n<\/p>\n<p><label> Alternatif Telefon Numaras\u0131:<br \/>\n<span class=\"wpcf7-form-control-wrap\" data-name=\"tel-921\"><input size=\"40\" class=\"wpcf7-form-control wpcf7-text wpcf7-tel wpcf7-validates-as-tel\" aria-invalid=\"false\" value=\"+90\" type=\"tel\" name=\"tel-921\" \/><\/span> <\/label>\n<\/p>\n<p><label> Adres:<br \/>\n<span class=\"wpcf7-form-control-wrap\" data-name=\"textarea-259\"><textarea cols=\"40\" rows=\"10\" class=\"wpcf7-form-control wpcf7-textarea\" aria-invalid=\"false\" name=\"textarea-259\"><\/textarea><\/span> <\/label>\n<\/p>\n<p><label> Do\u011fum Tarihi:<br \/>\n<span class=\"wpcf7-form-control-wrap\" data-name=\"date-927\"><input class=\"wpcf7-form-control wpcf7-date wpcf7-validates-as-date\" min=\"1950-01-01\" aria-invalid=\"false\" value=\"\" type=\"date\" name=\"date-927\" \/><\/span> <\/label>\n<\/p>\n<p><label> Ya\u015fad\u0131\u011f\u0131n\u0131z \u015eehir:<br \/>\n<span class=\"wpcf7-form-control-wrap\" data-name=\"menu-418\"><select class=\"wpcf7-form-control wpcf7-select\" aria-invalid=\"false\" name=\"menu-418\"><option value=\"\">&#8212;Please choose an option&#8212;<\/option><option value=\"Adana\">Adana<\/option><option value=\"Ad\u0131yaman\">Ad\u0131yaman<\/option><option value=\"Afyonkarahisar\">Afyonkarahisar<\/option><option value=\"A\u011fr\u0131\">A\u011fr\u0131<\/option><option value=\"Aksaray\">Aksaray<\/option><option value=\"Amasya\">Amasya<\/option><option value=\"Ankara\">Ankara<\/option><option value=\"Antalya\">Antalya<\/option><option value=\"Ardahan\">Ardahan<\/option><option value=\"Artvin\">Artvin<\/option><option value=\"Ayd\u0131n\">Ayd\u0131n<\/option><option value=\"Bal\u0131kesir\">Bal\u0131kesir<\/option><option value=\"Bart\u0131n\">Bart\u0131n<\/option><option value=\"Batman\">Batman<\/option><option value=\"Bayburt\">Bayburt<\/option><option value=\"Bilecik\">Bilecik<\/option><option value=\"Bing\u00f6l\">Bing\u00f6l<\/option><option value=\"Bitlis\">Bitlis<\/option><option value=\"Bolu\">Bolu<\/option><option value=\"Burdur\">Burdur<\/option><option value=\"Bursa\">Bursa<\/option><option value=\"\u00c7anakkale\">\u00c7anakkale<\/option><option value=\"\u00c7ank\u0131r\u0131\">\u00c7ank\u0131r\u0131<\/option><option value=\"\u00c7orum\">\u00c7orum<\/option><option value=\"Denizli\">Denizli<\/option><option value=\"Diyarbak\u0131r\">Diyarbak\u0131r<\/option><option value=\"D\u00fczce\">D\u00fczce<\/option><option value=\"Edirne\">Edirne<\/option><option value=\"Elaz\u0131\u011f\">Elaz\u0131\u011f<\/option><option value=\"Erzincan\">Erzincan<\/option><option value=\"Erzurum\">Erzurum<\/option><option value=\"Eski\u015fehir\">Eski\u015fehir<\/option><option value=\"Gaziantep\">Gaziantep<\/option><option value=\"Giresun\">Giresun<\/option><option value=\"G\u00fcm\u00fc\u015fhane\">G\u00fcm\u00fc\u015fhane<\/option><option value=\"Hakk\u00e2ri\">Hakk\u00e2ri<\/option><option value=\"Hatay\">Hatay<\/option><option value=\"I\u011fd\u0131r\">I\u011fd\u0131r<\/option><option value=\"Isparta\">Isparta<\/option><option value=\"\u0130stanbul\">\u0130stanbul<\/option><option value=\"\u0130zmir\">\u0130zmir<\/option><option value=\"Kahramanmara\u015f\">Kahramanmara\u015f<\/option><option value=\"Karab\u00fck\">Karab\u00fck<\/option><option value=\"Karaman\">Karaman<\/option><option value=\"Kars\">Kars<\/option><option value=\"Kastamonu\">Kastamonu<\/option><option value=\"Kayseri\">Kayseri<\/option><option value=\"Kilis\">Kilis<\/option><option value=\"K\u0131r\u0131kkale\">K\u0131r\u0131kkale<\/option><option value=\"K\u0131rklareli\">K\u0131rklareli<\/option><option value=\"K\u0131r\u015fehir\">K\u0131r\u015fehir<\/option><option value=\"Kocaeli\">Kocaeli<\/option><option value=\"Konya\">Konya<\/option><option value=\"K\u00fctahya\">K\u00fctahya<\/option><option value=\"Malatya\">Malatya<\/option><option value=\"Manisa\">Manisa<\/option><option value=\"Mardin\">Mardin<\/option><option value=\"Mersin\">Mersin<\/option><option value=\"Mu\u011fla\">Mu\u011fla<\/option><option value=\"Mu\u015f\">Mu\u015f<\/option><option value=\"Nev\u015fehir\">Nev\u015fehir<\/option><option value=\"Ni\u011fde\">Ni\u011fde<\/option><option value=\"Ordu\">Ordu<\/option><option value=\"Osmaniye\">Osmaniye<\/option><option value=\"Rize\">Rize<\/option><option value=\"Sakarya\">Sakarya<\/option><option value=\"Samsun\">Samsun<\/option><option value=\"\u015eanl\u0131urfa\">\u015eanl\u0131urfa<\/option><option value=\"Siirt\">Siirt<\/option><option value=\"Sinop\">Sinop<\/option><option value=\"Sivas\">Sivas<\/option><option value=\"\u015e\u0131rnak\">\u015e\u0131rnak<\/option><option value=\"Tekirda\u011f\">Tekirda\u011f<\/option><option value=\"Tokat\">Tokat<\/option><option value=\"Trabzon\">Trabzon<\/option><option value=\"Tunceli\">Tunceli<\/option><option value=\"U\u015fak\">U\u015fak<\/option><option value=\"Van\">Van<\/option><option value=\"Yalova\">Yalova<\/option><option value=\"Yozgat\">Yozgat<\/option><option value=\"Zonguldak\">Zonguldak<\/option><\/select><\/span> <\/label>\n<\/p>\n<p><b> Cinsiyet: <\/b><br \/>\n<span class=\"wpcf7-form-control-wrap\" data-name=\"checkbox-308\"><span class=\"wpcf7-form-control wpcf7-checkbox\"><span class=\"wpcf7-list-item first\"><label><input type=\"checkbox\" name=\"checkbox-308[]\" value=\"Erkek\" \/><span class=\"wpcf7-list-item-label\">Erkek<\/span><\/label><\/span><span class=\"wpcf7-list-item last\"><label><input type=\"checkbox\" name=\"checkbox-308[]\" value=\"Kad\u0131n\" \/><span class=\"wpcf7-list-item-label\">Kad\u0131n<\/span><\/label><\/span><\/span><\/span>\n<\/p>\n<p><b> Hangi g\u00fcnler \u00e7al\u0131\u015fabilirsiniz? <\/b><br \/>\n<span class=\"wpcf7-form-control-wrap\" data-name=\"checkbox-651\"><span class=\"wpcf7-form-control wpcf7-checkbox\"><span class=\"wpcf7-list-item first\"><label><input type=\"checkbox\" name=\"checkbox-651[]\" value=\"T\u00fcm g\u00fcnler\" \/><span class=\"wpcf7-list-item-label\">T\u00fcm g\u00fcnler<\/span><\/label><\/span><span class=\"wpcf7-list-item\"><label><input type=\"checkbox\" name=\"checkbox-651[]\" value=\"Pazartesi\" \/><span class=\"wpcf7-list-item-label\">Pazartesi<\/span><\/label><\/span><span class=\"wpcf7-list-item\"><label><input type=\"checkbox\" name=\"checkbox-651[]\" value=\"Sal\u0131\" \/><span class=\"wpcf7-list-item-label\">Sal\u0131<\/span><\/label><\/span><span class=\"wpcf7-list-item\"><label><input type=\"checkbox\" name=\"checkbox-651[]\" value=\"\u00c7ar\u015famba\" \/><span class=\"wpcf7-list-item-label\">\u00c7ar\u015famba<\/span><\/label><\/span><span class=\"wpcf7-list-item\"><label><input type=\"checkbox\" name=\"checkbox-651[]\" value=\"Per\u015fembe\" \/><span class=\"wpcf7-list-item-label\">Per\u015fembe<\/span><\/label><\/span><span class=\"wpcf7-list-item\"><label><input type=\"checkbox\" name=\"checkbox-651[]\" value=\"Cuma\" \/><span class=\"wpcf7-list-item-label\">Cuma<\/span><\/label><\/span><span class=\"wpcf7-list-item\"><label><input type=\"checkbox\" name=\"checkbox-651[]\" value=\"Cumartesi\" \/><span class=\"wpcf7-list-item-label\">Cumartesi<\/span><\/label><\/span><span class=\"wpcf7-list-item last\"><label><input type=\"checkbox\" name=\"checkbox-651[]\" value=\"Pazar\" \/><span class=\"wpcf7-list-item-label\">Pazar<\/span><\/label><\/span><\/span><\/span>\n<\/p>\n<p><b> E\u011fitim Durumu: <\/b><br \/>\n<span class=\"wpcf7-form-control-wrap\" data-name=\"checkbox-990\"><span class=\"wpcf7-form-control wpcf7-checkbox\"><span class=\"wpcf7-list-item first\"><label><span class=\"wpcf7-list-item-label\">\u0130lkokul<\/span><input type=\"checkbox\" name=\"checkbox-990[]\" value=\"\u0130lkokul\" \/><\/label><\/span><span class=\"wpcf7-list-item\"><label><span class=\"wpcf7-list-item-label\">Ortaokul<\/span><input type=\"checkbox\" name=\"checkbox-990[]\" value=\"Ortaokul\" \/><\/label><\/span><span class=\"wpcf7-list-item\"><label><span class=\"wpcf7-list-item-label\">Lise<\/span><input type=\"checkbox\" name=\"checkbox-990[]\" value=\"Lise\" \/><\/label><\/span><span class=\"wpcf7-list-item\"><label><span class=\"wpcf7-list-item-label\">\u00dcniversite<\/span><input type=\"checkbox\" name=\"checkbox-990[]\" value=\"\u00dcniversite\" \/><\/label><\/span><span class=\"wpcf7-list-item\"><label><span class=\"wpcf7-list-item-label\">Y\u00fcksek Lisans<\/span><input type=\"checkbox\" name=\"checkbox-990[]\" value=\"Y\u00fcksek Lisans\" \/><\/label><\/span><span class=\"wpcf7-list-item last\"><label><span class=\"wpcf7-list-item-label\">Doktora<\/span><input type=\"checkbox\" name=\"checkbox-990[]\" value=\"Doktora\" \/><\/label><\/span><\/span><\/span>\n<\/p>\n<p><label> Boy:<br \/>\n<span class=\"wpcf7-form-control-wrap\" data-name=\"number-473\"><input class=\"wpcf7-form-control wpcf7-number wpcf7-validates-as-number\" min=\"100\" max=\"300\" aria-invalid=\"false\" placeholder=\"cm\" value=\"\" type=\"number\" name=\"number-473\" \/><\/span><\/label><label> Kilo:<br \/>\n<span class=\"wpcf7-form-control-wrap\" data-name=\"number-776\"><input class=\"wpcf7-form-control wpcf7-number wpcf7-validates-as-number\" min=\"0\" max=\"1000\" aria-invalid=\"false\" placeholder=\"kg\" value=\"\" type=\"number\" name=\"number-776\" \/><\/span> <\/label>\n<\/p>\n<p><label> G\u00f6mlek bedeninizi yaz\u0131n\u0131z:<br \/>\n<span class=\"wpcf7-form-control-wrap\" data-name=\"text-488\"><input size=\"40\" class=\"wpcf7-form-control wpcf7-text\" aria-invalid=\"false\" value=\"\" type=\"text\" name=\"text-488\" \/><\/span> <\/label>\n<\/p>\n<p><label> Pantolon bedeninizi yaz\u0131n\u0131z:<br \/>\n<span class=\"wpcf7-form-control-wrap\" data-name=\"text-911\"><input size=\"40\" class=\"wpcf7-form-control wpcf7-text\" aria-invalid=\"false\" value=\"\" type=\"text\" name=\"text-911\" \/><\/span> <\/label>\n<\/p>\n<p><label> Ayakkab\u0131 numaran\u0131z\u0131 yaz\u0131n\u0131z:<br \/>\n<span class=\"wpcf7-form-control-wrap\" data-name=\"text-470\"><input size=\"40\" class=\"wpcf7-form-control wpcf7-text\" aria-invalid=\"false\" value=\"\" type=\"text\" name=\"text-470\" \/><\/span> <\/label>\n<\/p>\n<p><label> \u0130\u015f deneyimlerinizi yaz\u0131n\u0131z:<br \/>\n<span class=\"wpcf7-form-control-wrap\" data-name=\"textarea-61\"><textarea cols=\"40\" rows=\"10\" class=\"wpcf7-form-control wpcf7-textarea\" aria-invalid=\"false\" name=\"textarea-61\"><\/textarea><\/span> <\/label>\n<\/p>\n<p><label> Varsa referanslar\u0131n\u0131z\u0131 yaz\u0131n\u0131z:<br \/>\n<span class=\"wpcf7-form-control-wrap\" data-name=\"textarea-465\"><textarea cols=\"40\" rows=\"10\" class=\"wpcf7-form-control wpcf7-textarea\" aria-invalid=\"false\" name=\"textarea-465\"><\/textarea><\/span> <\/label>\n<\/p>\n<p><label> \u0130\u015fe ba\u015flayabilece\u011finiz tarih:<br \/>\n<span class=\"wpcf7-form-control-wrap\" data-name=\"text-930\"><input size=\"40\" class=\"wpcf7-form-control wpcf7-text\" aria-invalid=\"false\" value=\"\" type=\"text\" name=\"text-930\" \/><\/span> <\/label>\n<\/p>\n<p><label> Kendinizle ilgili belirtmek istedi\u011finiz bilgiler:<br \/>\n<span class=\"wpcf7-form-control-wrap\" data-name=\"textarea-152\"><textarea cols=\"40\" rows=\"10\" class=\"wpcf7-form-control wpcf7-textarea\" aria-invalid=\"false\" name=\"textarea-152\"><\/textarea><\/span> <\/label>\n<\/p>\n<p><label> Vesikal\u0131k foto\u011fraf\u0131n\u0131z\u0131 ekleyiniz:<br \/>\n<span class=\"wpcf7-form-control-wrap\" data-name=\"file-884\"><input size=\"40\" class=\"wpcf7-form-control wpcf7-file\" accept=\"audio\/*,video\/*,image\/*\" aria-invalid=\"false\" type=\"file\" name=\"file-884\" \/><\/span> <\/label>\n<\/p>\n<p><label> Varsa CV'nizi ekleyiniz:<br \/>\n<span class=\"wpcf7-form-control-wrap\" data-name=\"file-559\"><input size=\"40\" class=\"wpcf7-form-control wpcf7-file\" accept=\"audio\/*,video\/*,image\/*\" aria-invalid=\"false\" type=\"file\" name=\"file-559\" \/><\/span> <\/label>\n<\/p>\n<p><input class=\"wpcf7-form-control has-spinner wpcf7-submit\" type=\"submit\" value=\"G\u00f6nder\" \/>\n<\/p><div class=\"wpcf7-response-output\" aria-hidden=\"true\"><\/div>\n<\/form>\n<\/div>\n[vc_row_inner css=&#8221;.vc_custom_1494589627734{margin-top: 30px !important;margin-bottom: 10px !important;}&#8221;][vc_column_inner width=&#8221;1\/2&#8243; css=&#8221;.vc_custom_1494583507994{margin-bottom: 0px !important;}&#8221;][\/vc_column_inner][\/vc_row_inner][\/vc_column][vc_column css_animation=&#8221;fadeInRight&#8221; width=&#8221;1\/2&#8243; css=&#8221;.vc_custom_1491996855610{margin-top: 0px !important;padding-top: 0px !important;}&#8221;][\/vc_column][\/vc_row][vc_row full_width=&#8221;stretch_row_content_no_spaces&#8221; css=&#8221;.vc_custom_1499415249308{margin-top: 0px !important;margin-bottom: 0px !important;padding-top: 0px !important;padding-bottom: 0px !important;background-color: #f8f6f9 !important;}&#8221;][vc_column css_animation=&#8221;fadeIn&#8221; el_class=&#8221;text-center contact-us-back&#8221; css=&#8221;.vc_custom_1494837461905{margin-top: 0px !important;margin-right: 0px !important;margin-bottom: 0px !important;margin-left: 0px !important;padding-top: 0px !important;padding-right: 0px !important;padding-bottom: 0px !important;padding-left: 0px !important;background-image: url(http:\/\/wemove.modeltheme.com\/wp-content\/uploads\/2017\/04\/contact-us-bg.jpg?id=7946) !important;}&#8221;][\/vc_column][\/vc_row]<\/p>\n","protected":false},"excerpt":{"rendered":"<p>[vc_row full_width=&#8221;stretch_row&#8221; css=&#8221;.vc_custom_1499415365412{margin-bottom: 0px !important;padding-top: 80px !important;}&#8221;][vc_column width=&#8221;1\/2&#8243; css=&#8221;.vc_custom_1492085383392{margin-bottom: 0px !important;padding-top: 0px !important;}&#8221;][vc_row_inner css=&#8221;.vc_custom_1494585018645{margin-bottom: 50px !important;}&#8221;][vc_column_inner css=&#8221;.vc_custom_1492085338957{margin-bottom: 0px !important;padding-top: 0px !important;}&#8221;][vc_custom_heading text=&#8221;Ba\u015fvuru Formu&#8221; font_container=&#8221;tag:h2|font_size:50px|text_align:left|color:%23252525|line_height:50px&#8221; google_fonts=&#8221;font_family:Ubuntu%3A300%2C300italic%2Cregular%2Citalic%2C500%2C500italic%2C700%2C700italic|font_style:700%20bold%20regular%3A700%3Anormal&#8221; css_animation=&#8221;fadeInLeft&#8221; css=&#8221;.vc_custom_1634521453213{margin-top: 10px !important;margin-bottom: 0px !important;}&#8221;][\/vc_column_inner][\/vc_row_inner][\/vc_column][\/vc_row][vc_row full_width=&#8221;stretch_row&#8221; css=&#8221;.vc_custom_1499415356477{margin-top: 0px !important;margin-bottom: 0px !important;padding-top: 0px !important;padding-bottom: 80px !important;}&#8221;][vc_column css_animation=&#8221;fadeInLeft&#8221; width=&#8221;1\/2&#8243; el_class=&#8221;text-left&#8221; css=&#8221;.vc_custom_1491996848395{margin-top: 0px !important;padding-top: 0px !important;}&#8221;][vc_row_inner css=&#8221;.vc_custom_1494589627734{margin-top: 30px !important;margin-bottom: 10px !important;}&#8221;][vc_column_inner width=&#8221;1\/2&#8243; [&hellip;]<\/p>\n","protected":false},"author":1,"featured_media":0,"parent":0,"menu_order":0,"comment_status":"closed","ping_status":"closed","template":"","meta":{"footnotes":""},"class_list":["post-8343","page","type-page","status-publish","hentry"],"_links":{"self":[{"href":"https:\/\/mdtanitim.com.tr\/index.php\/wp-json\/wp\/v2\/pages\/8343","targetHints":{"allow":["GET"]}}],"collection":[{"href":"https:\/\/mdtanitim.com.tr\/index.php\/wp-json\/wp\/v2\/pages"}],"about":[{"href":"https:\/\/mdtanitim.com.tr\/index.php\/wp-json\/wp\/v2\/types\/page"}],"author":[{"embeddable":true,"href":"https:\/\/mdtanitim.com.tr\/index.php\/wp-json\/wp\/v2\/users\/1"}],"replies":[{"embeddable":true,"href":"https:\/\/mdtanitim.com.tr\/index.php\/wp-json\/wp\/v2\/comments?post=8343"}],"version-history":[{"count":5,"href":"https:\/\/mdtanitim.com.tr\/index.php\/wp-json\/wp\/v2\/pages\/8343\/revisions"}],"predecessor-version":[{"id":8537,"href":"https:\/\/mdtanitim.com.tr\/index.php\/wp-json\/wp\/v2\/pages\/8343\/revisions\/8537"}],"wp:attachment":[{"href":"https:\/\/mdtanitim.com.tr\/index.php\/wp-json\/wp\/v2\/media?parent=8343"}],"curies":[{"name":"wp","href":"https:\/\/api.w.org\/{rel}","templated":true}]}}