{"id":7338,"date":"2017-04-13T08:32:10","date_gmt":"2017-04-13T08:32:10","guid":{"rendered":"http:\/\/modeltheme.com\/mt_yankee\/?page_id=7338"},"modified":"2022-01-29T15:20:28","modified_gmt":"2022-01-29T15:20:28","slug":"about-us","status":"publish","type":"page","link":"https:\/\/mdtanitim.com.tr\/index.php\/about-us\/","title":{"rendered":"Hakk\u0131m\u0131zda"},"content":{"rendered":"<p>[vc_row full_width=&#8221;stretch_row&#8221; css=&#8221;.vc_custom_1494490875203{margin-bottom: 0px !important;padding-top: 115px !important;padding-bottom: 55px !important;background-color: #f8f6f9 !important;}&#8221; el_class=&#8221;about-us-home2-total&#8221;][vc_column css=&#8221;.vc_custom_1492164079150{padding-top: 0px !important;}&#8221;][vc_single_image image=&#8221;8627&#8243; img_size=&#8221;full&#8221; alignment=&#8221;center&#8221; css_animation=&#8221;fadeInUp&#8221;][\/vc_column][\/vc_row][vc_row][vc_column][vc_custom_heading text=&#8221;&#8221;]<div class=\"row\"><div class=\"wow pulse mt_clients_slider clients_container_shortcode-4 owl-carousel owl-theme\"><div class=\"clients_image_holder post\"><div class=\"item col-md-12\"><div class=\"clients_image_holder_inside post\" style=\"background-color:;\"><img decoding=\"async\" class=\"client_image\" src=\"https:\/\/mdtanitim.com.tr\/wp-content\/uploads\/2022\/01\/Anadoluefes_logo.jpg\" alt=\"Anadolu Efes\" \/><\/div><\/div><\/div><div class=\"clients_image_holder post\"><div class=\"item col-md-12\"><div class=\"clients_image_holder_inside post\" style=\"background-color:;\"><img decoding=\"async\" class=\"client_image\" src=\"https:\/\/mdtanitim.com.tr\/wp-content\/uploads\/2021\/10\/unilever.png\" alt=\"Unilever\" \/><\/div><\/div><\/div><div class=\"clients_image_holder post\"><div class=\"item col-md-12\"><div class=\"clients_image_holder_inside post\" style=\"background-color:;\"><img decoding=\"async\" class=\"client_image\" src=\"https:\/\/mdtanitim.com.tr\/wp-content\/uploads\/2021\/10\/coca-cola.png\" alt=\"Coca-Cola\" \/><\/div><\/div><\/div><div class=\"clients_image_holder post\"><div class=\"item col-md-12\"><div class=\"clients_image_holder_inside post\" style=\"background-color:;\"><img decoding=\"async\" class=\"client_image\" src=\"https:\/\/mdtanitim.com.tr\/wp-content\/uploads\/2021\/10\/nokia.png\" alt=\"Nokia\" \/><\/div><\/div><\/div><div class=\"clients_image_holder post\"><div class=\"item col-md-12\"><div class=\"clients_image_holder_inside post\" style=\"background-color:;\"><img decoding=\"async\" class=\"client_image\" src=\"https:\/\/mdtanitim.com.tr\/wp-content\/uploads\/2021\/10\/turkcell.png\" alt=\"Turkcell\" \/><\/div><\/div><\/div><div class=\"clients_image_holder post\"><div class=\"item col-md-12\"><div class=\"clients_image_holder_inside post\" style=\"background-color:;\"><img decoding=\"async\" class=\"client_image\" src=\"https:\/\/mdtanitim.com.tr\/wp-content\/uploads\/2021\/10\/opet.png\" alt=\"Opet\" \/><\/div><\/div><\/div><div class=\"clients_image_holder post\"><div class=\"item col-md-12\"><div class=\"clients_image_holder_inside post\" style=\"background-color:;\"><img decoding=\"async\" class=\"client_image\" src=\"https:\/\/mdtanitim.com.tr\/wp-content\/uploads\/2021\/10\/nestle.png\" alt=\"Nestle\" \/><\/div><\/div><\/div><div class=\"clients_image_holder post\"><div class=\"item col-md-12\"><div class=\"clients_image_holder_inside post\" style=\"background-color:;\"><img decoding=\"async\" class=\"client_image\" src=\"https:\/\/mdtanitim.com.tr\/wp-content\/uploads\/2021\/10\/ferrero.png\" alt=\"Ferrero\" \/><\/div><\/div><\/div><div class=\"clients_image_holder post\"><div class=\"item col-md-12\"><div class=\"clients_image_holder_inside post\" style=\"background-color:;\"><img decoding=\"async\" class=\"client_image\" src=\"https:\/\/mdtanitim.com.tr\/wp-content\/uploads\/2021\/10\/fritolay.png\" alt=\"Fritolay\" \/><\/div><\/div><\/div><div class=\"clients_image_holder post\"><div class=\"item col-md-12\"><div class=\"clients_image_holder_inside post\" style=\"background-color:;\"><img decoding=\"async\" class=\"client_image\" src=\"https:\/\/mdtanitim.com.tr\/wp-content\/uploads\/2021\/10\/kvk.png\" alt=\"KVK\" \/><\/div><\/div><\/div><div class=\"clients_image_holder post\"><div class=\"item col-md-12\"><div class=\"clients_image_holder_inside post\" style=\"background-color:;\"><img decoding=\"async\" class=\"client_image\" src=\"https:\/\/mdtanitim.com.tr\/wp-content\/uploads\/2021\/10\/ulker.png\" alt=\"\u00dclker\" \/><\/div><\/div><\/div><div class=\"clients_image_holder post\"><div class=\"item col-md-12\"><div class=\"clients_image_holder_inside post\" style=\"background-color:;\"><img decoding=\"async\" class=\"client_image\" src=\"https:\/\/mdtanitim.com.tr\/wp-content\/uploads\/2021\/10\/pinar.png\" alt=\"P\u0131nar\" \/><\/div><\/div><\/div><div class=\"clients_image_holder post\"><div class=\"item col-md-12\"><div class=\"clients_image_holder_inside post\" style=\"background-color:;\"><img decoding=\"async\" class=\"client_image\" src=\"https:\/\/mdtanitim.com.tr\/wp-content\/uploads\/2021\/10\/superfresh.png\" alt=\"Superfresh\" \/><\/div><\/div><\/div><div class=\"clients_image_holder post\"><div class=\"item col-md-12\"><div class=\"clients_image_holder_inside post\" style=\"background-color:;\"><img decoding=\"async\" class=\"client_image\" src=\"https:\/\/mdtanitim.com.tr\/wp-content\/uploads\/2021\/10\/knorr.png\" alt=\"Knorr\" \/><\/div><\/div><\/div><div class=\"clients_image_holder post\"><div class=\"item col-md-12\"><div class=\"clients_image_holder_inside post\" style=\"background-color:;\"><img decoding=\"async\" class=\"client_image\" src=\"https:\/\/mdtanitim.com.tr\/wp-content\/uploads\/2021\/10\/fanta.png\" alt=\"Fanta\" \/><\/div><\/div><\/div><div class=\"clients_image_holder post\"><div class=\"item col-md-12\"><div class=\"clients_image_holder_inside post\" style=\"background-color:;\"><img decoding=\"async\" class=\"client_image\" src=\"https:\/\/mdtanitim.com.tr\/wp-content\/uploads\/2021\/10\/lipton.png\" alt=\"Lipton\" \/><\/div><\/div><\/div><div class=\"clients_image_holder post\"><div class=\"item col-md-12\"><div class=\"clients_image_holder_inside post\" style=\"background-color:;\"><img decoding=\"async\" class=\"client_image\" src=\"https:\/\/mdtanitim.com.tr\/wp-content\/uploads\/2021\/10\/cappy.png\" alt=\"Capy\" \/><\/div><\/div><\/div><div class=\"clients_image_holder post\"><div class=\"item col-md-12\"><div class=\"clients_image_holder_inside post\" style=\"background-color:;\"><img decoding=\"async\" class=\"client_image\" src=\"https:\/\/mdtanitim.com.tr\/wp-content\/uploads\/2021\/10\/dove.png\" alt=\"Dove\" \/><\/div><\/div><\/div><div class=\"clients_image_holder post\"><div class=\"item col-md-12\"><div class=\"clients_image_holder_inside post\" style=\"background-color:;\"><img decoding=\"async\" class=\"client_image\" src=\"https:\/\/mdtanitim.com.tr\/wp-content\/uploads\/2021\/10\/elidor.png\" alt=\"Elidor\" \/><\/div><\/div><\/div><div class=\"clients_image_holder post\"><div class=\"item col-md-12\"><div class=\"clients_image_holder_inside post\" style=\"background-color:;\"><img decoding=\"async\" class=\"client_image\" src=\"https:\/\/mdtanitim.com.tr\/wp-content\/uploads\/2021\/10\/sensodyne.png\" alt=\"Sensodyne\" \/><\/div><\/div><\/div><div class=\"clients_image_holder post\"><div class=\"item col-md-12\"><div class=\"clients_image_holder_inside post\" style=\"background-color:;\"><img decoding=\"async\" class=\"client_image\" src=\"https:\/\/mdtanitim.com.tr\/wp-content\/uploads\/2021\/10\/arkas.png\" alt=\"Arkas\" \/><\/div><\/div><\/div><div class=\"clients_image_holder post\"><div class=\"item col-md-12\"><div class=\"clients_image_holder_inside post\" style=\"background-color:;\"><img decoding=\"async\" class=\"client_image\" src=\"https:\/\/mdtanitim.com.tr\/wp-content\/uploads\/2021\/10\/tadelle.png\" alt=\"Tadelle\" \/><\/div><\/div><\/div><div class=\"clients_image_holder post\"><div class=\"item col-md-12\"><div class=\"clients_image_holder_inside post\" style=\"background-color:;\"><img decoding=\"async\" class=\"client_image\" src=\"https:\/\/mdtanitim.com.tr\/wp-content\/uploads\/2021\/10\/hayat.png\" alt=\"Hayat\" \/><\/div><\/div><\/div><div class=\"clients_image_holder post\"><div class=\"item col-md-12\"><div class=\"clients_image_holder_inside post\" style=\"background-color:;\"><img decoding=\"async\" class=\"client_image\" src=\"https:\/\/mdtanitim.com.tr\/wp-content\/uploads\/2021\/10\/komili.png\" alt=\"Komili\" \/><\/div><\/div><\/div><div class=\"clients_image_holder post\"><div class=\"item col-md-12\"><div class=\"clients_image_holder_inside post\" style=\"background-color:;\"><img decoding=\"async\" class=\"client_image\" src=\"https:\/\/mdtanitim.com.tr\/wp-content\/uploads\/2021\/10\/polonez.png\" alt=\"Polonez\" \/><\/div><\/div><\/div><div class=\"clients_image_holder post\"><div class=\"item col-md-12\"><div class=\"clients_image_holder_inside post\" style=\"background-color:;\"><img decoding=\"async\" class=\"client_image\" src=\"https:\/\/mdtanitim.com.tr\/wp-content\/uploads\/2021\/10\/erpilic.png\" alt=\"Erpili\u00e7\" \/><\/div><\/div><\/div><div class=\"clients_image_holder post\"><div class=\"item col-md-12\"><div class=\"clients_image_holder_inside post\" style=\"background-color:;\"><img decoding=\"async\" class=\"client_image\" src=\"https:\/\/mdtanitim.com.tr\/wp-content\/uploads\/2021\/10\/tahsildaroglu.png\" alt=\"Tahsildaro\u011flu\" \/><\/div><\/div><\/div><div class=\"clients_image_holder post\"><div class=\"item col-md-12\"><div class=\"clients_image_holder_inside post\" style=\"background-color:;\"><img decoding=\"async\" class=\"client_image\" src=\"https:\/\/mdtanitim.com.tr\/wp-content\/uploads\/2021\/10\/yorukoglu.png\" alt=\"Y\u00f6r\u00fcko\u011flu\" \/><\/div><\/div><\/div><div class=\"clients_image_holder post\"><div class=\"item col-md-12\"><div class=\"clients_image_holder_inside post\" style=\"background-color:;\"><img decoding=\"async\" class=\"client_image\" src=\"https:\/\/mdtanitim.com.tr\/wp-content\/uploads\/2021\/10\/solen.png\" alt=\"\u015e\u00f6len\" \/><\/div><\/div><\/div><div class=\"clients_image_holder post\"><div class=\"item col-md-12\"><div class=\"clients_image_holder_inside post\" style=\"background-color:;\"><img decoding=\"async\" class=\"client_image\" src=\"https:\/\/mdtanitim.com.tr\/wp-content\/uploads\/2021\/10\/arolez.png\" alt=\"Arolez\" \/><\/div><\/div><\/div><div class=\"clients_image_holder post\"><div class=\"item col-md-12\"><div class=\"clients_image_holder_inside post\" style=\"background-color:;\"><img decoding=\"async\" class=\"client_image\" src=\"https:\/\/mdtanitim.com.tr\/wp-content\/uploads\/2021\/10\/5yildiz.png\" alt=\"5 Y\u0131ld\u0131z\" \/><\/div><\/div><\/div><div class=\"clients_image_holder post\"><div class=\"item col-md-12\"><div class=\"clients_image_holder_inside post\" style=\"background-color:;\"><img decoding=\"async\" class=\"client_image\" src=\"https:\/\/mdtanitim.com.tr\/wp-content\/uploads\/2021\/10\/senpilic.png\" alt=\"\u015een Pili\u00e7\" \/><\/div><\/div><\/div><div class=\"clients_image_holder post\"><div class=\"item col-md-12\"><div class=\"clients_image_holder_inside post\" style=\"background-color:;\"><img decoding=\"async\" class=\"client_image\" src=\"https:\/\/mdtanitim.com.tr\/wp-content\/uploads\/2021\/10\/bolca.png\" alt=\"Bolca\" \/><\/div><\/div><\/div><\/div><\/div>[\/vc_column][\/vc_row]<\/p>\n","protected":false},"excerpt":{"rendered":"<p>[vc_row full_width=&#8221;stretch_row&#8221; css=&#8221;.vc_custom_1494490875203{margin-bottom: 0px !important;padding-top: 115px !important;padding-bottom: 55px !important;background-color: #f8f6f9 !important;}&#8221; el_class=&#8221;about-us-home2-total&#8221;][vc_column css=&#8221;.vc_custom_1492164079150{padding-top: 0px !important;}&#8221;][vc_single_image image=&#8221;8627&#8243; img_size=&#8221;full&#8221; alignment=&#8221;center&#8221; css_animation=&#8221;fadeInUp&#8221;][\/vc_column][\/vc_row][vc_row][vc_column][vc_custom_heading text=&#8221;&#8221;][\/vc_column][\/vc_row]<\/p>\n","protected":false},"author":1,"featured_media":0,"parent":0,"menu_order":0,"comment_status":"closed","ping_status":"closed","template":"","meta":{"footnotes":""},"class_list":["post-7338","page","type-page","status-publish","hentry"],"_links":{"self":[{"href":"https:\/\/mdtanitim.com.tr\/index.php\/wp-json\/wp\/v2\/pages\/7338","targetHints":{"allow":["GET"]}}],"collection":[{"href":"https:\/\/mdtanitim.com.tr\/index.php\/wp-json\/wp\/v2\/pages"}],"about":[{"href":"https:\/\/mdtanitim.com.tr\/index.php\/wp-json\/wp\/v2\/types\/page"}],"author":[{"embeddable":true,"href":"https:\/\/mdtanitim.com.tr\/index.php\/wp-json\/wp\/v2\/users\/1"}],"replies":[{"embeddable":true,"href":"https:\/\/mdtanitim.com.tr\/index.php\/wp-json\/wp\/v2\/comments?post=7338"}],"version-history":[{"count":13,"href":"https:\/\/mdtanitim.com.tr\/index.php\/wp-json\/wp\/v2\/pages\/7338\/revisions"}],"predecessor-version":[{"id":8628,"href":"https:\/\/mdtanitim.com.tr\/index.php\/wp-json\/wp\/v2\/pages\/7338\/revisions\/8628"}],"wp:attachment":[{"href":"https:\/\/mdtanitim.com.tr\/index.php\/wp-json\/wp\/v2\/media?parent=7338"}],"curies":[{"name":"wp","href":"https:\/\/api.w.org\/{rel}","templated":true}]}}